+ 3*l. Let j be (6 - 2) + z - 2. Suppose -j*x + 140 = 2*x. Is x a composite number?
True
Let z(l) = -21*l - 4. Let b(i) = i**3 - 4*i**2 - 7*i + 7. Let n be b(5). Is z(n) a prime number?
True
Suppose 0*i - 3*i = -105. Let t = i - 16. Is t prime?
True
Suppose -1786 = 157*h - 159*h. Is h a composite number?
True
Let m(r) = -r**3 + 10*r**2 + 15*r - 13. Let u(f) = -2*f**3 + 20*f**2 + 29*f - 26. Let q(b) = -11*m(b) + 6*u(b). Is q(9) composite?
False
Let v be -3*(-3 - 7/(-3)). Suppose 0*m = -v*b + m + 1268, -1260 = -2*b + 5*m. Is b composite?
True
Suppose 345 = -4*j + 9*j. Is j a composite number?
True
Suppose -8*v + 3*v = -30. Let h(k) = k**2 + 5*k - 2. Let d be h(-6). Suppose v*o - d*o - 26 = 0. Is o prime?
True
Suppose -3*y = -187 + 58. Let f = y + 48. Is f composite?
True
Suppose 0 = -4*i, 2*i - 419 = 3*z - 4*z. Is z a composite number?
False
Let t = 15 + -9. Let h = 8 - t. Let p = 5 - h. Is p a prime number?
True
Suppose 5*c - 19 = 11. Suppose -c*m = -4*m - 406. Is m a prime number?
False
Let r = 52 + 37. Is r a prime number?
True
Let j(y) = -3*y**3 - 3*y**2 + y + 2. Suppose -c = -0 + 2. Let b be j(c). Suppose 0*g - b = -4*g, 5*g - 174 = -3*s. Is s composite?
False
Let m be ((-24)/(-10))/((-21)/(-70)). Suppose -2*x = -m*x + 1746. Is x a composite number?
True
Suppose 3*w - 2 = 4. Suppose n = -i + 558, w*n + 2227 = 6*n - i. Is n composite?
False
Let a(c) = -2*c - 10. Let p be a(-5). Suppose 3*v - 556 - 17 = p. Is v composite?
False
Suppose -x + 6 = -1. Suppose x*q - 83 = 6*q + 2*a, 0 = 3*q + 3*a - 222. Is q composite?
True
Let i = 4 - 4. Suppose 0 = 3*m - 4*g - 21, 2*m - 5*g - 21 = -0*g. Suppose m*k - 73 - 164 = i. Is k a prime number?
True
Suppose -17*v + 406 = -15*v. Is v composite?
True
Let u = 533 - 246. Is u a prime number?
False
Let b(j) = -j + 6. Suppose 0 = 4*i + i + 40. Is b(i) prime?
False
Is 10647/49 + 8/(-28) a composite number?
True
Let i(z) = 22*z**2 - 6*z + 1. Let c be i(6). Suppose 3*p = 5*o + c, 3*o + o - 4 = 0. Suppose -151 = -3*j + 2*m, -3*j + m + p = 2*j. Is j a prime number?
False
Let h = -3060 + 6077. Is h a composite number?
True
Let o be 1*(0 - -17) - -1. Suppose 3*m + 4*s = -11 + 68, -5*m - 4*s = -87. Let z = m + o. Is z a composite number?
True
Let f be (-2)/8 - (-1273)/4. Suppose 2*h - f = -3*k - h, -3*k + h = -338. Is k a prime number?
False
Let i be ((-684)/(-24))/(3/32). Suppose -b + 0*g + 3*g + i = 0, -309 = -b - 2*g. Is b composite?
False
Let b(r) = -566*r + 9. Is b(-10) a composite number?
False
Suppose 5*m + 5*y + 7 = -8, -13 = m + 3*y. Suppose 0 = f - m*p - 35, -24 = -f + 3*p + 7. Is f composite?
False
Suppose 0 = 2*g + q - 972, -3*g + q + 1463 = -0*g. Is g a composite number?
False
Let j(r) = -30*r - 11. Is j(-5) prime?
True
Suppose 3*c = -y + 4143, -5*c = 2*y - 2399 - 4506. Is c prime?
True
Suppose -t + 418 = k - 0*t, 4*k - 1673 = -3*t. Is k a composite number?
False
Suppose -20 = -q - 3*q. Suppose 3*k + 40 = -q*s - 2*k, 32 = -4*s + 3*k. Is 914/10 - s/(-20) a composite number?
True
Is (-107568)/(-80) - (-4)/10 a composite number?
True
Let p(r) = r**3 + 21*r**2 - 8*r - 3. Is p(-20) a composite number?
False
Is (3 + -1)/(10/7985) prime?
True
Let p = 101 + 273. Suppose r + p = -r. Let f = r - -336. Is f a composite number?
False
Let g = 4 - -58. Let o = g + -25. Is o composite?
False
Let h = 10 + 5. Suppose -4*q = -41 - h. Is q a composite number?
True
Let o(h) = 17*h**2 + 3*h - 1. Is o(3) composite?
True
Let c(i) = 8*i - 3. Suppose -30 = 7*g - 2*g. Let o = g + 13. Is c(o) composite?
False
Let p(m) = m**3 - 17*m**2 + m - 5. Is p(18) a composite number?
False
Let u = 56 - -143. Is u prime?
True
Suppose 4*p - 220 = -2*o, 2*p + 0*o - 106 = -3*o. Suppose 0 = 5*q - 5*t + 47 + 63, 34 = -q - 3*t. Let f = p + q. Is f composite?
False
Is (-9062)/(-12) + 0 + 2/(-12) a prime number?
False
Let g(z) = 0*z - 3*z - 6*z - 10. Is g(-7) composite?
False
Suppose j = -j + 14. Suppose 3*x = -15 + 51. Let d = x + j. Is d a prime number?
True
Suppose -384 = -9*d - 51. Is d a composite number?
False
Let o be -2 + (0 + 3 - 3). Is (o/(-3))/(5/1005) prime?
False
Suppose -3*x = 5*y - 274, -2*y = 5*x - 84 - 379. Let g = x + -60. Is g prime?
False
Suppose 0 = -2*s - 2*s + 2716. Is s composite?
True
Let l be (-2)/(-12) - (-1258)/12. Let n = l + -58. Is n a composite number?
False
Let l(a) = -a**3 + 4*a**2 + 2. Let h be l(5). Suppose -4*v + 3*v = -g - 95, -4*g = -2*v + 180. Let o = h + v. Is o a composite number?
True
Suppose y - 464 = 215. Is y prime?
False
Suppose -237 = -0*l - 3*l. Is l prime?
True
Is -3 - -1*34 - -2 prime?
False
Suppose -704 - 12004 = -12*z. Is z composite?
True
Is (-56)/(-364) + 1063/13*5 a composite number?
False
Suppose 0 = q + 4*h - 25, 5*h - 5 = 7*q - 3*q. Suppose z + 1440 = q*z. Let x = -221 + z. Is x composite?
False
Let j = 0 + 0. Suppose 4*p - 6*s + 2*s - 252 = 0, 2*p - 3*s - 123 = j. Suppose 2*w - 5*w = -p. Is w a prime number?
False
Let g(f) = -3*f**2 + 6*f + 4. Let k(a) = a**3 - a**2 + a. Let h(o) = -g(o) + k(o). Let j be h(-3). Suppose -p + 5 = j*n - 12, 2*p = 3*n + 6. Is p prime?
False
Let x(t) = -4*t + 1. Let m be -1 + 0/(-3 - -4). Let j = m + -2. Is x(j) prime?
True
Let n(c) = 6 - 2 - 2 + 44*c - 1. Is n(5) a composite number?
True
Suppose 75 = 15*u - 12*u. Is u composite?
True
Let n(y) = -y**3 - 3*y**2 + 2. Let s be n(-3). Suppose -1 = -g + s*g. Let k(a) = -118*a + 1. Is k(g) composite?
True
Let o = -229 + 24. Is (-1 - o) + -3 + 2 prime?
False
Let w(o) = 2*o**2 - 5*o + 3. Let h be w(4). Let y be 2 - ((-4)/2 - h). Suppose -i = -0*i - y. Is i a prime number?
True
Suppose 0 = -5*r - 59 + 874. Is r a composite number?
False
Is (-4)/14 - (-4572)/28 a composite number?
False
Let l = -9 + 14. Suppose 61 = -l*q - 69. Is q/((-24)/(-15) + -2) a prime number?
False
Suppose 5*o - 8023 = -2518. Suppose 2*z - o + 119 = 0. Is z composite?
False
Let a(b) = 46*b**2 + 11*b - 25. Is a(10) prime?
False
Let k(x) = -x**2 - 8*x - 1. Let o be 3 - 3/((-9)/(-33)). Let q be k(o). Is (-88)/4*(q - 0) a prime number?
False
Suppose -4*r = -6*r + 826. Is r a prime number?
False
Let w(d) = -6*d + 9. Let q(o) = -5*o + 9. Let u(p) = -2*q(p) + 3*w(p). Is u(-13) prime?
True
Let t be (1 - -1212)*(3 + -2). Suppose 0 = 4*s + 3*u - 1225, -3*s - u = 293 - t. Is s prime?
True
Suppose 4*s - 72 = 76. Is s a composite number?
False
Let x(b) = -13*b**2 + 5*b**2 - 62*b**2 - b. Let h be x(-1). Let w = -38 - h. Is w prime?
True
Let x = -6 + 12. Suppose 0 = -2*p + x*p - 124. Is p a prime number?
True
Let c(n) = 785*n**3 + n**2 - 2*n + 1. Is c(1) composite?
True
Let z(u) be the second derivative of 5*u**4/12 - u**3/2 + 5*u**2/2 + 4*u. Is z(-4) a composite number?
False
Let r be (151/2)/(2/4). Suppose -s + 6*s - 360 = 0. Let k = r - s. Is k a prime number?
True
Let i(k) = 3*k**3 + 5*k**2 + k - 2. Let z(u) = u**3. Let b(g) = i(g) - 2*z(g). Is b(-3) a composite number?
False
Let m = -8 - -13. Suppose 5*o - c = 13, -m*c + 5 = 5*o - 20. Suppose v + o*i = 18, -3*v + i + 64 = -0*i. Is v composite?
True
Suppose 2 + 3 = 5*y, y = -m + 26. Let h = 1 + m. Is h a prime number?
False
Let z be (-16101)/15 - (-2)/5. Is (-8)/36 + z/(-9) a prime number?
False
Let l be 18414/42 - (-8)/14. Suppose 3*r + 2*w - l = 0, -w = 2*r + 2*r - 592. Is r a prime number?
True
Let q = 11 + -7. Suppose q*x = 2*s + 4224, 5*x - 4082 = 5*s + 1203. Suppose 0 = -c + 6*c - x. Is c composite?
False
Let u be 3/12 + 1566/8. Let m = -113 + u. Is m a composite number?
False
Let o(y) = -7*y. Let g be o(1). Let r(t) be the third derivative of -t**5/60 - 11*t**4/24 - 7*t**3/6 + t**2. Is r(g) a prime number?
False
Suppose 0 = -7*j + 34940 - 6359. Is j prime?
False
Let o(a) = -a**2 + 3*a + 2 + 0*a**2 + 0. Let w be o(3). Let r = w - -83. Is r composite?
True
Let m be (1*-3)/(3/(-2)). Let c be (m - (-2 + 6))/2. Is (2 + c)/((-2)/(-22)) a prime number?
True
Suppose -3*b = -5*z + 238, 2*z - 19 = -b + 74. Is z a prime number?
True
Let r be 2/11 - 2/11. Suppose 4*w = -r*w + 804. Is w prime?
False
Suppose -517 - 626 = -9*n. Is n a prime number?
True
Let a(l) = -l + 2. Let i be a(1). Let g be 1 + -3 - (i - -22). Is (g/(-15))/(2/78) prime?
False
Let s = -7 - -11. Suppose s*p - p = -12. Let n(h) = -h**3 - 2*h**2 + 3. Is n(p) a prime number?
False
Let f(t) be the second derivative of -23*t**3/6 + t**2/2 - 2*t. Is f(